d?
27
Suppose 79 + 21 = 4*r. What is the remainder when r is divided by (-63)/(-6) - 36/24?
7
Let u(w) = -w**3 + w**2 + 412. Let x be u(0). Suppose -4*s - 136 - x = 0. What is the remainder when s/(-4) + (-2)/8 is divided by 12?
10
Let x(g) = g**3 + 6*g**2 + g - 11. Let w be x(-6). Let o = w - -25. What is the remainder when o is divided by 6/(-21) - 60/(-14)?
0
What is the remainder when (-6)/(-2)*1 - -795 is divided by 89?
86
Suppose -a + g = -54, -2*g + 57 = -13*a + 14*a. Calculate the remainder when 103 is divided by a.
48
Let q(p) be the first derivative of -p**4/4 + p**3/3 + 2*p**2 + 7*p + 9. What is the remainder when q(-5) is divided by 28?
25
Suppose 3*z = -18*z + 273. Let r(a) = 6*a - 1. Let n be (-4)/10 - 44/(-10). What is the remainder when r(n) is divided by z?
10
Suppose 0*i - 45 = -5*i. What is the remainder when 16 - (3 + 0 + -4*1) is divided by i?
8
Let r be 4/(-3 + 1) - -4. Suppose 0 = -c + 2, r*d + 2*c = -0*d + 30. Suppose 0 = 2*n + 2*g - 62, 4*g + d = 5. What is the remainder when 63 is divided by n?
30
Suppose -4*n + 5*o = -297, -365 = -5*n - 60*o + 65*o. Suppose -4*t + 91 = 4*g - 69, 3*t - 125 = -4*g. What is the remainder when n is divided by t?
33
Suppose 27*c - 690 = -42*c. Suppose -142 = -5*y + 53. What is the remainder when y is divided by c?
9
Let g be (0/(-4))/4 - 11. Let x = g - -21. Suppose -8*d + x*d = 50. Calculate the remainder when 74 is divided by d.
24
Let q = 775 - 442. What is the remainder when q is divided by 48?
45
Let p(i) = 2*i**2 - 20*i + 25. What is the remainder when p(17) is divided by 67?
62
Suppose 0 = 2*v - 2*g - 1216, 3*g - 2062 = -5*v + 962. Calculate the remainder when v is divided by 19.
17
Let z(i) = i**3 + 5*i**2 - 2. Suppose -4*v = b - 15, 4*v + 7 = 2*b + 1. Suppose 0 = 2*d + b + 1. What is the remainder when 39 is divided by z(d)?
11
Suppose 6*l - 20*l - 14 = 0. Let y(d) = 5*d + 6. Calculate the remainder when y(l) is divided by 1.
0
Let r be ((128/(-12))/8)/((-2)/(-6)). Let i(o) be the second derivative of o**3/6 + 3*o**2 + 2*o. What is the remainder when 8 is divided by i(r)?
0
Suppose -7*q + 4*q - 140 = -p, -3*p + 3*q = -432. Calculate the remainder when p is divided by 30.
26
Let z = -50 + 55. Suppose 2*s - 72 = -0*s - 5*d, 4*s = -z*d + 124. What is the remainder when 50 is divided by s?
24
Let t = -122 + 108. What is the remainder when 15 is divided by t/(-63) + ((-102)/(-27))/1?
3
Let r(p) = 2*p + 217. What is the remainder when r(-9) is divided by 62?
13
Suppose -4*q - 68 = -4*c, -4*c + 42 + 11 = -3*q. Calculate the remainder when 29 is divided by 8/(-3)*q/4.
9
Let l(q) = -36*q - 704. Calculate the remainder when 617 is divided by l(-21).
45
Suppose 0 = 5*q - s - 8, 2*q = 3*s - 0*s + 11. Let i = -10 + 17. Calculate the remainder when i is divided by q.
0
What is the remainder when 104*1 - (-8)/(-8) is divided by (-173)/(-5) - 6/(-15)?
33
Let y(w) = 42*w - 103. Calculate the remainder when 228 is divided by y(3).
21
Let z(n) = -4*n - 31. Let c be z(-9). Suppose -c*w + 36 = -129. Calculate the remainder when w is divided by 7.
5
Let n(w) = w**3 - 11*w**2 + 4*w - 18. Suppose -54*u + 50*u + 44 = 0. Calculate the remainder when 77 is divided by n(u).
25
Let j(f) = 2*f**2 - f + 11. Suppose -4*t + 11 = r, 2*r - 10 = -2*t - 3*t. What is the remainder when j(r) is divided by 14?
10
Let s(w) = 15 - 122*w**2 + 3*w - 128*w**2 + 252*w**2 - 2*w. Calculate the remainder when s(-3) is divided by 17.
13
Let n(w) = -2*w - 8. Let h be n(-6). Suppose 22 = -h*b + 2*r + 124, -2*b + 47 = 3*r. What is the remainder when 1 + (-6)/3 - -75 is divided by b?
24
Let r(d) = d**3 - 10*d**2 + d - 8. Let l be r(6). Let c = -95 - l. Calculate the remainder when c is divided by 13.
12
Let y be -6*1/2*-1. Suppose 12 = i + g, -y*i + 6 = -4*g + g. Suppose 5*q + h = -2*h + 130, 26 = q + 3*h. Calculate the remainder when q is divided by i.
5
Let q = -3 + 10. Suppose 10*l = q*l + 30. What is the remainder when 33 is divided by l?
3
Calculate the remainder when 47 is divided by (6 - -9) + -7 - 0.
7
Let t(g) = 8*g**2 + g + 2. Let w be 1 + (-6 - (-16)/4). Let h be t(w). Suppose 13*n - 52 = h*n. What is the remainder when 24 is divided by n?
11
Let x = -6 + 9. Suppose -2*w = -x*o - 275, -o = -4*w + 3*o + 544. What is the remainder when w is divided by 27?
25
Let h = 3 + 0. Suppose -h*t + 129 = 3*j - 0*j, 0 = 4*t - j - 197. Calculate the remainder when t is divided by 26.
22
Suppose -5*h - 72*h = -3619. What is the remainder when 234 is divided by h?
46
Let q(m) = 5*m - 6. Suppose -x + 2*x = 2. Calculate the remainder when q(9) is divided by x/5 - (-196)/10.
19
Suppose -2*b + 4*b = 184. Calculate the remainder when b is divided by 1860/78 - (-26)/169.
20
Let m = 57 + -21. Calculate the remainder when 286 is divided by m.
34
Let d(q) be the first derivative of -2*q**2 - 31*q + 41. Calculate the remainder when 107 is divided by d(-10).
8
Let k(r) = r**2 - 15*r + 5. Let i be k(15). Suppose -i*o + 485 = 115. Suppose 4*w - o = -14. What is the remainder when 42 is divided by w?
12
Let x(t) = -17*t - 22. What is the remainder when 317 is divided by x(-3)?
27
Let t(f) = -7*f**2 - 32*f + 65. Let m(u) = -10*u**2 - 48*u + 98. Let l(o) = 5*m(o) - 7*t(o). What is the remainder when l(-9) is divided by 33?
32
Suppose -8*o + o + 280 = 0. Suppose 9*h - 5*h = 1536. What is the remainder when o is divided by h/28 - (-4)/14?
12
Let x = -282 + 395. Suppose 91 = 6*z - x. What is the remainder when z is divided by 2054/169 + 4/(-26)?
10
Let o(f) = 191*f**2 + 17*f + 15. Calculate the remainder when o(-1) is divided by 16.
13
Suppose -4*v - 186 = -2*y, 3*y + 3 = 6*y. Let b = 75 + v. Calculate the remainder when b is divided by 15.
14
Let r = -991 + 1131. Calculate the remainder when 429 is divided by r.
9
Let x be (6/8)/(3/144). Suppose 4*b = 3*w + 59, 0 = -w + 5*w - 5*b + 77. Let t = x + w. Calculate the remainder when 66 is divided by t.
20
Suppose 10813 + 29183 = 44*a. What is the remainder when a is divided by 38?
35
What is the remainder when 23 is divided by 3/(-12) - (212/(-16) - -5)?
7
Let x be (-368)/48 - (-2)/3. Calculate the remainder when 41 is divided by 219/21 - 4/x.
8
Let j be (4/12)/((-2)/(-42)). Suppose j*w + 15 = 4*w, -5*l = 3*w. Suppose -4*q + 5*i = -53, -l*i + 0 = -q + 15. What is the remainder when 43 is divided by q?
7
Let x = 32 - 25. Calculate the remainder when 10*(0 + (-18)/(-15)) is divided by x.
5
Suppose 0 = 2*v - 0*v - 202. Suppose y = -2*t - 3*y + 64, -5*t - 3*y + 139 = 0. Calculate the remainder when v is divided by t.
23
Suppose -5*z = -5*m + 3785, 1518 = -16*m + 18*m - 4*z. Calculate the remainder when m is divided by 36.
35
Suppose -2*o - 275 = -7*o. Let g = o + -36. Let t = 23 - g. What is the remainder when 9 is divided by t?
1
Let j be ((-2)/3)/(6/(-72)). Let n(p) = 2*p**2 - 13*p + 9. Let v be n(j). Let x = -19 + v. What is the remainder when 53 is divided by x?
11
Let o be -4*(-12 + 1 - 2). Suppose 4*b = -0*b + o. Suppose 3*d - 2*f = 14, 2*d - 5*f - 11 = b. Calculate the remainder when 3 is divided by d.
1
Suppose -22*w + 27*w + 205 = 0. Let a = 64 + w. What is the remainder when a is divided by 12?
11
Let u = -84 - -87. Suppose -x = 4*x + 3*w - 156, -u*w = -3*x + 108. Calculate the remainder when x is divided by 18.
15
What is the remainder when 1761/24 - (-6)/(-16) is divided by 5?
3
Suppose 48 = 22*h - 20*h. What is the remainder when 59 is divided by h?
11
Suppose -3*v - 10*k = -9*k - 2680, 5*k = -3*v + 2660. Calculate the remainder when v is divided by 16.
15
Suppose 0 = -79*r + 6*r + 60809. What is the remainder when r is divided by 140?
133
What is the remainder when (-9 - 2737/(-35))/((-2)/(-20)) is divided by 21?
20
Let m(p) = -2*p**2 - 29*p - 51. What is the remainder when 216 is divided by m(-5)?
40
What is the remainder when 570 is divided by ((-26)/(-39))/(3/234)?
50
Suppose 0 = -k + 5*d + 114, 0 = k + k + d - 184. Suppose 0 = -2*f + 301 + 689. Calculate the remainder when k is divided by (-6)/(-4) + f/22.
22
Suppose -2*t - 54 - 80 = 0. Let a = t - -178. What is the remainder when a is divided by 28?
27
Suppose 284 = -137*r + 139*r. What is the remainder when r is divided by 37?
31
Suppose -q + 15 = -10. Let l(f) = -f + 33. What is the remainder when l(0) is divided by 15/q - 84/(-10)?
6
Sup